 2. Suppose -4*n = -10 - 26. Calculate the remainder when n is divided by u.
1
Suppose 0 = 5*g + 3*h + 160, -3*h = 5*g - h + 165. Let c = g - -57. What is the remainder when 29*(10/2 - 2) is divided by c?
21
Let c = -8 - -26. What is the remainder when c is divided by 11?
7
Let f(q) = -4*q**3 + 11*q**2 - 3*q + 4. Let l(r) = -3*r**3 + 10*r**2 - 3*r + 5. Let x(k) = 4*f(k) - 5*l(k). What is the remainder when x(-7) is divided by 7?
5
Suppose -8*a + 4*a = -28. Suppose v - 4*g = -a, -3*g + 4 - 15 = -2*v. What is the remainder when 24 is divided by v?
11
Suppose 4*i - 9 = i. Let t(j) = 3 - 5*j + 0*j + 0*j + 2*j**2. Calculate the remainder when 17 is divided by t(i).
5
Suppose -16 = 3*q - 4*q. Let z be q/(-12)*(-3 + 0). Suppose -z*l + 23 = -0*l + 5*m, -4*m + 31 = 5*l. What is the remainder when 12 is divided by l?
5
What is the remainder when (1 - -2)/(-4 - 185/(-45)) is divided by 11?
5
Suppose 0 = 3*n + 5*g - 33 - 111, 0 = -4*n - g + 175. Calculate the remainder when n is divided by 11.
10
Let u = 29 - 13. Let w = 22 - u. What is the remainder when w is divided by 4?
2
Suppose 5*y - 4*s - 45 = 0, 4*s = -0*y - y + 9. Let h(m) = -m**2 - m + 50. Let x be h(0). Let c = -33 + x. What is the remainder when c is divided by y?
8
Suppose 44*i + 64 = 48*i. Let h be -3*(-1)/(6/44). Let m = h - i. Calculate the remainder when 16 is divided by m.
4
Let x(p) = 28*p. Let j be (-2 - -2)/((-4)/(-2)). Suppose j = -2*k + 2*h + 24, -2 + 16 = 2*k + 3*h. Calculate the remainder when x(1) is divided by k.
8
Let v = -3 - -5. Suppose -2*m = -3*a - 18, -2*a - v*a = 5*m + 1. Calculate the remainder when m is divided by 1.
0
Let y = 15 - 10. What is the remainder when (14/1)/((-1)/(-1)) is divided by y?
4
Let j(o) = o**3 + 3*o**2 - 5*o + 2. Suppose y + 40 = 6*y. Suppose -d + 5*q + y + 34 = 0, 4*d = q + 73. What is the remainder when d is divided by j(-4)?
5
Suppose -2*m + 22 = -28. Let q be 26/4 + 3/(-6). Calculate the remainder when m is divided by ((-189)/q)/(-7)*2.
7
Calculate the remainder when ((-2)/6)/((-3)/(3*435)) is divided by 7.
5
Let s(d) = 2*d - 2. Let l be s(2). Let o = -1 + l. Let a = o - -3. What is the remainder when 6 is divided by a?
2
Let t(b) = b**2 + 9*b + 25. What is the remainder when t(-5) is divided by 5?
0
Suppose -5*q + 2*k + 131 = 0, 12 = q + 5*k + 2. Suppose 5*l - 2*v = 31 + q, -5*v - 15 = 0. What is the remainder when 19 is divided by l?
9
Let b(o) = 32*o**2 + o. What is the remainder when b(1) is divided by 12?
9
Let x = 5 + -23. Let h(o) = -o**2 - 17*o - 17. Let k be h(-13). Let z = x + k. What is the remainder when z is divided by 9?
8
Calculate the remainder when 77 is divided by ((-36)/(-27) + -4)*(-30)/2.
37
Let x = 119 + -43. What is the remainder when x is divided by 21?
13
Suppose 10 = -p - 1. Calculate the remainder when 54 is divided by (-319)/p + 0 + -1.
26
Suppose -5*t - 4*a + 52 = 0, 2*t = 3*a + 2*a + 34. Calculate the remainder when (-3)/(-4 - 2)*94 is divided by t.
11
Let u = 4 + -1. Suppose 0 = c - u*c + 4. Suppose c*x - 9 = x. What is the remainder when 17 is divided by x?
8
Suppose 206 + 144 = 14*i. Calculate the remainder when 48 is divided by i.
23
Let w = 13 - 5. Let s(r) = -2*r - 9. Suppose 35 = -2*j - 3*j. What is the remainder when w is divided by s(j)?
3
Let g = -59 - -86. What is the remainder when 53 is divided by g?
26
Suppose 4*d - 5*y - 55 = 6, -2*y = -4*d + 58. Let h = 72 - d. What is the remainder when h is divided by 12?
10
Let y = 23 + 2. Let s be (-4)/6 + 352/6. Let q = s - y. What is the remainder when q is divided by 17?
16
Let l(f) = 22*f**2 + 1. Let a be ((-1)/(-3))/(6/(-18)). Suppose 0 = -3*k - p + 133, p + 221 = 5*k + 2*p. Calculate the remainder when k is divided by l(a).
21
Let n = 13 + 0. Let h = 18 - n. Calculate the remainder when 9 is divided by h.
4
Let v(r) = r + 8. Let f be v(-6). Suppose 22 = 6*k - 3*k - f*d, -5*k + 3*d + 36 = 0. What is the remainder when 17 is divided by k?
5
Let x = -4 + 7. Suppose x*a - 9 = -0*a. Calculate the remainder when 10 is divided by a.
1
Let m be (-3)/(-5) + (-22)/(-5). Suppose -6 = -m*b + 4. Calculate the remainder when 4 is divided by b.
0
Suppose -18 = 4*f + 6. Let p(i) = i**2 + 0*i - 2*i - 1 + 2*i. Calculate the remainder when p(f) is divided by 12.
11
Suppose 0*t = -5*t + 20. Suppose -5*v + 50 = -3*v - 4*u, -t*v = -u - 128. What is the remainder when v is divided by 12?
9
Let k = 0 - -4. Suppose c + k*c = 0. Suppose -f + 4*u + 29 = c, -f + 2*f + 4*u + 11 = 0. Calculate the remainder when f is divided by 5.
4
Let i = 21 + -11. Suppose 3*h + i = 2*r + h, 0 = -4*h. What is the remainder when r is divided by 3?
2
Let b be ((-27)/6)/3*-18. Suppose 3*i - 3 - b = 0. Calculate the remainder when i is divided by 3.
1
Suppose -46 = 3*v - 4*v. What is the remainder when v is divided by 24?
22
Let h = 1 - 0. Let w = h + -1. Suppose 2*m + i - 59 = w, 5*m = 5*i + 89 + 51. What is the remainder when m is divided by 10?
9
Suppose 4 + 12 = 2*t. What is the remainder when 38 is divided by 10/t*(-4 - -12)?
8
Let y(o) = -10*o + 1. Calculate the remainder when y(-1) is divided by ((-4)/10)/(4/80*-2).
3
Let b(v) = v**2 + 2*v. Let h be b(-2). Suppose h*w + 3*n = -w + 10, w + 2*n = 15. What is the remainder when w is divided by 9?
7
Let p = -74 - -105. Suppose 11*n = 3*n + 136. What is the remainder when p is divided by n?
14
Suppose 0*h + 4*b = 4*h - 136, 4*h + 5*b = 91. What is the remainder when h is divided by (0 + -15)/(3 + -4)?
14
Let f = 9 - 6. Suppose 0 = f*j - 28 - 17. Let i(s) = -3*s - 4. Calculate the remainder when j is divided by i(-4).
7
Let r(a) = 15*a + 1. Let z be 3/21 + 34/7. Suppose -z*i + 59 = 14. Calculate the remainder when r(1) is divided by i.
7
Suppose -2*f + 4 = -2*x, -f + 2 = 5*x - 12. Let v be ((-26)/3)/((-4)/30). What is the remainder when 38 is divided by v/20*(0 + f)?
12
Let v be -3 - (6/(-3) - -23). Let q = 40 + v. What is the remainder when 63 is divided by q?
15
Suppose -q - 5*p = 12, 3*q - 12 = -11*p + 12*p. Suppose 4*t = j + j + 38, 4*t + 5*j - 17 = 0. What is the remainder when t is divided by q?
2
Suppose a - 13 = 2*n - 6*n, -4*n + 10 = 2*a. Let d(o) = 4*o - 1. Calculate the remainder when d(n) is divided by 8.
7
Let p(z) = 3*z**2 + 4*z + 3. What is the remainder when p(-1) is divided by 1?
0
Let x(r) be the first derivative of 3*r**2/2 - 6*r + 3. Calculate the remainder when 44 is divided by x(7).
14
Let n(m) = 3*m**2 + 6*m + 1. Let u(g) be the second derivative of -5*g**4/12 + 3*g. Let b be u(-1). What is the remainder when n(b) is divided by 24?
22
Let o = -23 - -51. What is the remainder when o is divided by 15?
13
Let z(g) = g**3 + 6*g**2 + 4*g + 4. Calculate the remainder when 16 is divided by z(-5).
7
Let o(m) = m**2 + 5*m + 4. Let j be o(-5). Calculate the remainder when 6 is divided by 0*3/(-6) + j.
2
Calculate the remainder when 70 is divided by (152/16)/((-1)/(-2)).
13
What is the remainder when 41 is divided by 1/(-5) - (-896)/80?
8
Suppose 3*q - 17 = -3*j + 37, -3*j + 4*q = -82. Suppose 3*w - 6 = 3. Suppose y = w*n - n - 29, -4*n + 28 = 4*y. What is the remainder when j is divided by n?
10
Let y(t) = 8*t**2 + 2*t + 1. What is the remainder when 25 is divided by y(-1)?
4
Suppose -3 = -5*l - 2*d, l + 0*d = -2*d - 1. What is the remainder when (-2 + -3)/(l/(-2)) is divided by 6?
4
Let q = 33 - -6. What is the remainder when q is divided by 11?
6
Let m = 34 - 1. What is the remainder when 95 is divided by m?
29
Suppose -7*d = -3*d - 148. Let w = 6 + 13. What is the remainder when d is divided by w?
18
Let x = 0 + 4. Suppose -5*c + 16 = -x*c. Calculate the remainder when c is divided by 6.
4
Let k(d) = d**2 - 15*d - 20. What is the remainder when k(18) is divided by 8?
2
Suppose 4*j = -3*s + 430, 5*s - 137 = 4*s + 5*j. Calculate the remainder when s is divided by 12.
10
Let v(k) = 7*k**2 - 19*k - 46. Let g(o) = -4*o**2 + 10*o + 23. Let s(f) = 5*g(f) + 3*v(f). Calculate the remainder when s(10) is divided by 3.
1
Let w be (-6)/(-10) - (-678)/(-30). Let f = w + 38. Calculate the remainder when 31 is divided by f.
15
Let c(l) = 5*l**3 + l**2 + l - 1. Suppose 3 = 4*h - 1. What is the remainder when 11 is divided by c(h)?
5
Let f = 6 + -4. Suppose 26 = f*a + q, -2 + 5 = a - 2*q. Suppose 5*j = 0, -j + 2*j = -5*i + 100. What is the remainder